{"id":25,"date":"2025-03-13T15:00:05","date_gmt":"2025-03-13T15:00:05","guid":{"rendered":"https:\/\/jeese.fr\/?page_id=25"},"modified":"2025-03-29T01:52:17","modified_gmt":"2025-03-29T01:52:17","slug":"expert-en-electronique-et-systemes-embarques-de-la-conception-a-la-production","status":"publish","type":"page","link":"https:\/\/jeese.fr\/","title":{"rendered":""},"content":{"rendered":"\n<h1 class=\"wp-block-heading\">De la conception \u00e0 l&rsquo;industrialisation<\/h1>\n\n\n\n<p>Ing\u00e9nieur freelance en \u00e9lectronique, j&rsquo;accompagne les entreprises dans la conception, le d\u00e9veloppement et l&rsquo;industrialisation de leurs produits \u00e9lectroniques. Fort d&rsquo;une expertise en R&amp;D, IoT et syst\u00e8mes embarqu\u00e9s, je propose des solutions sur mesure, de l&rsquo;id\u00e9e \u00e0 la production.<\/p>\n\n\n\n<h2 class=\"wp-block-heading\">Mes services incluent :<\/h2>\n\n\n\n<ul class=\"wp-block-list\">\n<li>Ing\u00e9nierie et R&amp;D \u00e9lectronique<\/li>\n\n\n\n<li>Prototypage rapide<\/li>\n\n\n\n<li>Conception de PCB<\/li>\n\n\n\n<li>Int\u00e9gration et fabrication<\/li>\n\n\n\n<li>D\u00e9veloppement de logiciels embarqu\u00e9s<\/li>\n\n\n\n<li>Solutions IoT et connectivit\u00e9<\/li>\n\n\n\n<li>Assistance \u00e0 la production<\/li>\n\n\n\n<li>Formations professionnelles<\/li>\n\n\n\n<li>Restauration de mat\u00e9riel \u00e9lectronique ancien<\/li>\n<\/ul>\n\n\n\n<h3 class=\"wp-block-heading\">N&rsquo;h\u00e9sitez pas contactez moi :<\/h3>\n\n\n\n<p><a href=\"https:\/\/jeese.fr\/index.php\/contact\/\" data-type=\"page\" data-id=\"15\">Contactez-moi pour discuter de votre projet.<\/a><\/p>\n\n\n\n<hr class=\"wp-block-separator has-alpha-channel-opacity is-style-wide\"\/>\n","protected":false},"excerpt":{"rendered":"<p>De la conception \u00e0 l&rsquo;industrialisation Ing\u00e9nieur freelance en \u00e9lectronique, j&rsquo;accompagne les entreprises dans la conception, le d\u00e9veloppement et l&rsquo;industrialisation de leurs produits \u00e9lectroniques. Fort d&rsquo;une expertise en R&amp;D, IoT et syst\u00e8mes embarqu\u00e9s, je propose des solutions sur mesure, de l&rsquo;id\u00e9e \u00e0 la production. Mes services incluent : N&rsquo;h\u00e9sitez pas contactez moi : Contactez-moi pour discuter &#8230; <a title=\"\" class=\"read-more\" href=\"https:\/\/jeese.fr\/\" aria-label=\"En savoir plus sur \">Lire la suite<\/a><\/p>\n","protected":false},"author":1,"featured_media":0,"parent":0,"menu_order":0,"comment_status":"closed","ping_status":"closed","template":"","meta":{"footnotes":""},"class_list":["post-25","page","type-page","status-publish"],"_links":{"self":[{"href":"https:\/\/jeese.fr\/index.php\/wp-json\/wp\/v2\/pages\/25","targetHints":{"allow":["GET"]}}],"collection":[{"href":"https:\/\/jeese.fr\/index.php\/wp-json\/wp\/v2\/pages"}],"about":[{"href":"https:\/\/jeese.fr\/index.php\/wp-json\/wp\/v2\/types\/page"}],"author":[{"embeddable":true,"href":"https:\/\/jeese.fr\/index.php\/wp-json\/wp\/v2\/users\/1"}],"replies":[{"embeddable":true,"href":"https:\/\/jeese.fr\/index.php\/wp-json\/wp\/v2\/comments?post=25"}],"version-history":[{"count":11,"href":"https:\/\/jeese.fr\/index.php\/wp-json\/wp\/v2\/pages\/25\/revisions"}],"predecessor-version":[{"id":104,"href":"https:\/\/jeese.fr\/index.php\/wp-json\/wp\/v2\/pages\/25\/revisions\/104"}],"wp:attachment":[{"href":"https:\/\/jeese.fr\/index.php\/wp-json\/wp\/v2\/media?parent=25"}],"curies":[{"name":"wp","href":"https:\/\/api.w.org\/{rel}","templated":true}]}}