{"id":12,"date":"2025-03-13T14:57:59","date_gmt":"2025-03-13T14:57:59","guid":{"rendered":"https:\/\/jeese.fr\/?page_id=12"},"modified":"2025-03-29T01:56:03","modified_gmt":"2025-03-29T01:56:03","slug":"a-propos","status":"publish","type":"page","link":"https:\/\/jeese.fr\/index.php\/a-propos\/","title":{"rendered":"A Propos"},"content":{"rendered":"\n<p>Ing\u00e9nieur en \u00e9lectronique avec 5 ann\u00e9es d&rsquo;exp\u00e9rience en tant que chef de projet, j&rsquo;ai travaill\u00e9 sur de nombreux projets innovants, allant des objets connect\u00e9s aux syst\u00e8mes embarqu\u00e9s complexes. Ma mission : transformer vos id\u00e9es en r\u00e9alisations concr\u00e8tes et performantes.<\/p>\n\n\n\n<p class=\"has-medium-font-size\">Mon expertise :<\/p>\n\n\n\n<ul class=\"wp-block-list\">\n<li>Conception \u00e9lectronique et respect des normes CE, RoHS, IPC<\/li>\n\n\n\n<li>Ma\u00eetrise des outils Altium, Eagle, KiCad<\/li>\n\n\n\n<li>Programmation embarqu\u00e9e (STM32, ESP32, AVR&#8230;)<\/li>\n\n\n\n<li>Connectivit\u00e9 IoT : Bluetooth, WiFi, LoRa, bus de terrain<\/li>\n\n\n\n<li>Exp\u00e9rience en production et industrialisation<\/li>\n<\/ul>\n\n\n\n<p class=\"has-medium-font-size\">Pourquoi me choisir ?<\/p>\n\n\n\n<ul class=\"wp-block-list\">\n<li>Approche sur mesure et flexibilit\u00e9<\/li>\n<\/ul>\n\n\n\n<ul class=\"wp-block-list\">\n<li>Rapidit\u00e9 et qualit\u00e9 d&rsquo;ex\u00e9cution<\/li>\n<\/ul>\n\n\n\n<ul class=\"wp-block-list\">\n<li>Engagement sur la r\u00e9ussite de votre projet<\/li>\n<\/ul>\n\n\n\n<p><\/p>\n","protected":false},"excerpt":{"rendered":"<p>Ing\u00e9nieur en \u00e9lectronique avec 5 ann\u00e9es d&rsquo;exp\u00e9rience en tant que chef de projet, j&rsquo;ai travaill\u00e9 sur de nombreux projets innovants, allant des objets connect\u00e9s aux syst\u00e8mes embarqu\u00e9s complexes. Ma mission : transformer vos id\u00e9es en r\u00e9alisations concr\u00e8tes et performantes. Mon expertise : Pourquoi me choisir ?<\/p>\n","protected":false},"author":1,"featured_media":0,"parent":0,"menu_order":0,"comment_status":"closed","ping_status":"closed","template":"","meta":{"footnotes":""},"class_list":["post-12","page","type-page","status-publish"],"_links":{"self":[{"href":"https:\/\/jeese.fr\/index.php\/wp-json\/wp\/v2\/pages\/12","targetHints":{"allow":["GET"]}}],"collection":[{"href":"https:\/\/jeese.fr\/index.php\/wp-json\/wp\/v2\/pages"}],"about":[{"href":"https:\/\/jeese.fr\/index.php\/wp-json\/wp\/v2\/types\/page"}],"author":[{"embeddable":true,"href":"https:\/\/jeese.fr\/index.php\/wp-json\/wp\/v2\/users\/1"}],"replies":[{"embeddable":true,"href":"https:\/\/jeese.fr\/index.php\/wp-json\/wp\/v2\/comments?post=12"}],"version-history":[{"count":6,"href":"https:\/\/jeese.fr\/index.php\/wp-json\/wp\/v2\/pages\/12\/revisions"}],"predecessor-version":[{"id":106,"href":"https:\/\/jeese.fr\/index.php\/wp-json\/wp\/v2\/pages\/12\/revisions\/106"}],"wp:attachment":[{"href":"https:\/\/jeese.fr\/index.php\/wp-json\/wp\/v2\/media?parent=12"}],"curies":[{"name":"wp","href":"https:\/\/api.w.org\/{rel}","templated":true}]}}